{"id":32,"date":"2011-09-30T14:00:22","date_gmt":"2011-09-30T12:00:22","guid":{"rendered":"http:\/\/paciorek.org\/bitwa\/?page_id=32"},"modified":"2012-03-24T03:51:36","modified_gmt":"2012-03-24T02:51:36","slug":"uroczystosc-obchodow-71-rocznicy-bitwy","status":"publish","type":"page","link":"https:\/\/www.bitwanadbzura.pl\/?page_id=32","title":{"rendered":"Uroczysto\u015b\u0107 obchod\u00f3w 71 rocznicy bitwy"},"content":{"rendered":"<p>&nbsp;<\/p>\n<p>UROCZYSTO\u015a\u008cCI ZWI\u0104ZANE Z OBCHODAMI 71-EJ ROCZNICY BITWY NAD BZUR\u0104<\/p>\n<p style=\"text-align: center;\">I 90.\u00a0 ROCZNICY UTWORZENIA 26 DYWIZJI PIECHOTY<\/p>\n<p style=\"text-align: center;\">W KOZ\u0141OWIE SZLACHECKIM.<\/p>\n<p>W dniu 14 wrze\u009cnia 1939 roku 10 i 37 pu\u0142k piechoty z 26 dywizji piechoty armii POMORZE forsowa\u0142y Bzur\u0119 na odcinku od Koz\u0142owa Szlacheckiego do Kompiny. Natarcie to mia\u0142o dramatyczny przebieg w ko\u0144cowej fazie. Pomi\u0119dzy Koz\u0142owem a Kompin\u0105 poleg\u0142o ok. 1000 polskich \u017co\u0142nierzy, wielu w nurcie Bzury zosta\u0142o na zawsze.<\/p>\n<p>Zastanawia\u0142em si\u0119 w jaki spos\u00f3b odda\u0107 ho\u0142d tym \u017co\u0142nierzom. Narodzi\u0142a si\u0119 my\u009c\u015bl aby zorganizowa\u0107 sp\u0142yw kajakowy na odcinku Bzury od Kompiny do Koz\u0142owa Szlacheckiego. Na zebraniu Stowarzyszenia Tradycji 26 Skierniewickiej Dywizji Piechoty zaprezentowa\u0142em swoj\u0105 my\u015b\u009cl o sp\u0142ywie kajakowym. Propozycja zosta\u0142a przyj\u0119ta a nawet rozszerzona o: rajd rowerowy organizowany przez PTTK \u0141owicz i rekonstrukcj\u0119 forsowania Bzury w Koz\u0142owie Szlacheckim.<\/p>\n<p>Stowarzyszenie Tradycji 26 Skierniewickiej Dywizji Piechoty nada\u0142o tej uroczysto\u009cci charakter obchod\u00f3w 71 rocznicy bitwy nad Bzur\u0105 i 90 rocznicy utworzenia 26 dywizji piechoty, jako wsp\u00f3\u0142organizator\u00f3w zaprosi\u0142o w\u00f3jt\u00f3w gminy Niebor\u00f3w i Nowa Sucha. Honorowy patronat obj\u0119\u0142y starostwa: sochaczewskie, kutnowskie, skierniewickie i \u0142owickie.<\/p>\n<p>Uroczysto\u009c\u0107 zaplanowano na 11 wrze\u009cnia 2010 roku, rozpocz\u0119\u0142a si\u0119 na cmentarzu wojennym w Kompinie na kt\u00f3ry przybyli zaproszeni go\u009c\u015bcie, uczestnicy sp\u0142ywu kajakowego, orkiestra d\u0119ta \u0084Clonovia\u0094, grupy rekonstrukcyjne oraz uczestnicy rajdu rowerowego organizowanego przez PTTK \u0141owicz. Orkiestra d\u0119ta \u0084Clonovia\u0094 odegra\u0142a hymn pa\u0144stwowy, proboszcz parafii Kompina ks. Bogdan Zatorski odm\u00f3wi\u0142 modlitw\u0119 za poleg\u0142ych, w\u00f3jt gminy Niebor\u00f3w powita\u0142 zaproszonych go\u009c\u015bci po czym nast\u0105pi\u0142o z\u0142o\u017cenie kwiat\u00f3w przez delegacje i zapalenie zniczy.<\/p>\n<p>Nast\u0119pnie nast\u0105pi\u0142 przemarsz z cmentarza nad Bzur\u0119 (ok. 500 m.) na czele pochodu by\u0142 niesiony transparent \u0084&#8221;Sp\u0142yw kajakowy szlakiem bitwy 26 dywizji piechoty. Kompina \u0096- Koz\u0142\u00f3w Szlachecki\u0094&#8221; ko\u0142o ko\u009c\u015bcio\u0142a zatrzymano si\u0119 i ks. Bogdan Zatorski przedstawi\u0142 histori\u0119 walk o Kompin\u0119 we wrze\u009cniu 1939 roku.<\/p>\n<p>Po doj\u015b\u009cciu nad Bzur\u0119, w sp\u0142ywie kajakowym wzi\u0119\u0142a udzia\u0142 m\u0142odzie\u017c szkolna ze szk\u00f3\u0142, kt\u00f3rych patroni s\u0105 zwi\u0105zani z bitw\u0105 nad Bzur\u0105 i 26 dywizj\u0105 piechoty. Po spuszczeniu kajak\u00f3w na rzek\u0119 rajd rowerowy wystartowa\u0142 w kierunku Koz\u0142owa Szlacheckiego, odwiedzaj\u0105c po drodze kwater\u0119 wojenn\u0105 w Kocierzewie i Miejsce Pami\u0119ci w Nowym D\u0119bsku. Pozostali uczestnicy uroczysto\u015b\u009cci udali si\u0119 w kierunku Koz\u0142owa Szlacheckiego.<\/p>\n<p>W Koz\u0142owie Szlacheckim w remizie OSP, Muzeum Czynu Zbrojnego z Lipiec Reymontowskich p. pp\u0142k J. Murgrabiego urz\u0105dzi\u0142o wystaw\u0119 eksponat\u00f3w zwi\u0105zanych z 26 dywizj\u0105 piechoty. Wok\u00f3\u0142 remizy OSP \u017candarmeria wojskowa z Mi\u0144ska Maz. wystawi\u0142a wsp\u00f3\u0142czesny sprz\u0119t bojowy.<\/p>\n<p>Na cmentarzu w Koz\u0142owie Szlacheckim na zbiorowej mogile \u017co\u0142nierzy poleg\u0142ych w bitwie nad Bzur\u0105 zosta\u0142y z\u0142o\u017cone kwiaty przez delegacje zaproszonych go\u009c\u015bci, tr\u0119bacz z \u0084Clonovii\u0094 zagra\u0142 \u0084\u008c&#8221;\u015apij \u017co\u0142nierzu&#8221;.\u0094 Nast\u0119pnie zosta\u0142a odprawiona uroczysta Msza \u009c\u015bw. w ko\u009c\u015bciele p.w. \u009c\u015aw. Miko\u0142aja w Koz\u0142owie Szlacheckim za poleg\u0142ych \u017co\u0142nierzy przy asy\u009ccie poczt\u00f3w sztandarowych, harcerzy i grup rekonstrukcyjnych w historycznych mundurach z 1939 roku. Pi\u0119kn\u0105 homili\u0119 nawi\u0105zuj\u0105c\u0105 do wydarze\u0144 na naszej ziemi we wrze\u009cniu 1939 roku wyg\u0142osi\u0142 ks. Bogdan Zatorski. Opraw\u0119 muzyczn\u0105 Mszy \u009c\u015bw. wykona\u0142a orkiestra d\u0119ta \u0084Clonovia\u0094 z Klonowca.<\/p>\n<p>Po Mszy \u009cw. nast\u0105pi\u0142 przemarsz nad Bzur\u0119 (ok. 300m), tam dop\u0142yn\u0119li ju\u017c uczestnicy sp\u0142ywu kajakowego i dojechali uczestnicy rajdu rowerowego.<\/p>\n<p>Dla uczestnik\u00f3w sp\u0142ywu kajakowego i rajdu rowerowego zosta\u0142 przeze mnie przygotowany i przeprowadzony konkurs z nagrodami z wiedzy o 26 dywizji piechoty. Celem tego konkursu by\u0142o zach\u0119cenie m\u0142odzie\u017cy do zapoznania si\u0119 z histori\u0105 patron\u00f3w ich szk\u00f3\u0142.<\/p>\n<p>Na koniec zosta\u0142a wykonana rekonstrukcja forsowania Bzury w wykonaniu Grup Rekonstrukcji Historycznej \u009618 pu\u0142k piechoty z Sochaczewa, 37 pu\u0142k piechoty z Kutna i 10 pu\u0142k piechoty z \u0141owicza. Po stronie niemieckiej \u0096 Stowarzyszenie Rekonstrukcji Historycznej \u0084\u017belazny Orze\u0142\u0094 z \u0141odzi. Grupy Rekonstrukcji Historycznej wyst\u0105pi\u0142y w mundurach z 1939. Armaty, karabiny, ckm, w\u00f3z bojowy i sprz\u0119t \u0142\u0105czno\u009cci r\u00f3wnie\u017c by\u0142y z tamtego okresu.<\/p>\n<p>Stowarzyszenie Tradycji 26 Dywizji Piechoty ze Skierniewic i Spo\u0142eczny Komitet dla upami\u0119tnienia bitwy 26 Dywizji Piechoty w 1939 r. z Koz\u0142owa Szlacheckiego zorganizowali pocz\u0119stunek groch\u00f3wk\u0105 \u017co\u0142niersk\u0105 i kie\u0142baskami z rusztu znad ogniska.<\/p>\n<p>&nbsp;<\/p>\n<p>&nbsp;<\/p>\n<p>&nbsp;<\/p>\n\n\t\t<style type=\"text\/css\">\n\t\t\t#gallery-1 {\n\t\t\t\tmargin: auto;\n\t\t\t}\n\t\t\t#gallery-1 .gallery-item {\n\t\t\t\tfloat: left;\n\t\t\t\tmargin-top: 10px;\n\t\t\t\ttext-align: center;\n\t\t\t\twidth: 33%;\n\t\t\t}\n\t\t\t#gallery-1 img {\n\t\t\t\tborder: 2px solid #cfcfcf;\n\t\t\t}\n\t\t\t#gallery-1 .gallery-caption {\n\t\t\t\tmargin-left: 0;\n\t\t\t}\n\t\t\t\/* see gallery_shortcode() in wp-includes\/media.php *\/\n\t\t<\/style>\n\t\t<div id='gallery-1' class='gallery galleryid-32 gallery-columns-3 gallery-size-thumbnail'><dl class='gallery-item'>\n\t\t\t<dt class='gallery-icon landscape'>\n\t\t\t\t<a href='https:\/\/www.bitwanadbzura.pl\/?attachment_id=444'><img loading=\"lazy\" decoding=\"async\" width=\"150\" height=\"150\" src=\"https:\/\/www.bitwanadbzura.pl\/wp-content\/uploads\/2011\/09\/IMG_16841-150x150.jpg\" class=\"attachment-thumbnail size-thumbnail\" alt=\"\" \/><\/a>\n\t\t\t<\/dt><\/dl><dl class='gallery-item'>\n\t\t\t<dt class='gallery-icon landscape'>\n\t\t\t\t<a href='https:\/\/www.bitwanadbzura.pl\/?attachment_id=445'><img loading=\"lazy\" decoding=\"async\" width=\"150\" height=\"150\" src=\"https:\/\/www.bitwanadbzura.pl\/wp-content\/uploads\/2011\/09\/P1080013-150x150.jpg\" class=\"attachment-thumbnail size-thumbnail\" alt=\"\" \/><\/a>\n\t\t\t<\/dt><\/dl><dl class='gallery-item'>\n\t\t\t<dt class='gallery-icon landscape'>\n\t\t\t\t<a href='https:\/\/www.bitwanadbzura.pl\/?attachment_id=446'><img loading=\"lazy\" decoding=\"async\" width=\"150\" height=\"150\" src=\"https:\/\/www.bitwanadbzura.pl\/wp-content\/uploads\/2011\/09\/Sp\u0142yw-szlakiem-forsowania-Bzury-przez-26DP-150x150.jpg\" class=\"attachment-thumbnail size-thumbnail\" alt=\"\" \/><\/a>\n\t\t\t<\/dt><\/dl><br style=\"clear: both\" \/><dl class='gallery-item'>\n\t\t\t<dt class='gallery-icon landscape'>\n\t\t\t\t<a href='https:\/\/www.bitwanadbzura.pl\/?attachment_id=448'><img loading=\"lazy\" decoding=\"async\" width=\"150\" height=\"150\" src=\"https:\/\/www.bitwanadbzura.pl\/wp-content\/uploads\/2011\/09\/IMG_16831-150x150.jpg\" class=\"attachment-thumbnail size-thumbnail\" alt=\"\" \/><\/a>\n\t\t\t<\/dt><\/dl><dl class='gallery-item'>\n\t\t\t<dt class='gallery-icon landscape'>\n\t\t\t\t<a href='https:\/\/www.bitwanadbzura.pl\/?attachment_id=450'><img loading=\"lazy\" decoding=\"async\" width=\"150\" height=\"150\" src=\"https:\/\/www.bitwanadbzura.pl\/wp-content\/uploads\/2011\/09\/IMG_16921-150x150.jpg\" class=\"attachment-thumbnail size-thumbnail\" alt=\"\" \/><\/a>\n\t\t\t<\/dt><\/dl><dl class='gallery-item'>\n\t\t\t<dt class='gallery-icon landscape'>\n\t\t\t\t<a href='https:\/\/www.bitwanadbzura.pl\/?attachment_id=451'><img loading=\"lazy\" decoding=\"async\" width=\"150\" height=\"150\" src=\"https:\/\/www.bitwanadbzura.pl\/wp-content\/uploads\/2011\/09\/IMG_1696-150x150.jpg\" class=\"attachment-thumbnail size-thumbnail\" alt=\"\" \/><\/a>\n\t\t\t<\/dt><\/dl><br style=\"clear: both\" \/><dl class='gallery-item'>\n\t\t\t<dt class='gallery-icon landscape'>\n\t\t\t\t<a href='https:\/\/www.bitwanadbzura.pl\/?attachment_id=455'><img loading=\"lazy\" decoding=\"async\" width=\"150\" height=\"150\" src=\"https:\/\/www.bitwanadbzura.pl\/wp-content\/uploads\/2011\/09\/IMG_16961-150x150.jpg\" class=\"attachment-thumbnail size-thumbnail\" alt=\"\" \/><\/a>\n\t\t\t<\/dt><\/dl><dl class='gallery-item'>\n\t\t\t<dt class='gallery-icon landscape'>\n\t\t\t\t<a href='https:\/\/www.bitwanadbzura.pl\/?attachment_id=456'><img loading=\"lazy\" decoding=\"async\" width=\"150\" height=\"150\" src=\"https:\/\/www.bitwanadbzura.pl\/wp-content\/uploads\/2011\/09\/Sp\u0142yw-szlakiem-forsowania-Bzury-przez-26DP2-150x150.jpg\" class=\"attachment-thumbnail size-thumbnail\" alt=\"\" \/><\/a>\n\t\t\t<\/dt><\/dl><dl class='gallery-item'>\n\t\t\t<dt class='gallery-icon landscape'>\n\t\t\t\t<a href='https:\/\/www.bitwanadbzura.pl\/?attachment_id=459'><img loading=\"lazy\" decoding=\"async\" width=\"150\" height=\"150\" src=\"https:\/\/www.bitwanadbzura.pl\/wp-content\/uploads\/2011\/09\/IMG_1710-150x150.jpg\" class=\"attachment-thumbnail size-thumbnail\" alt=\"\" \/><\/a>\n\t\t\t<\/dt><\/dl><br style=\"clear: both\" \/><dl class='gallery-item'>\n\t\t\t<dt class='gallery-icon landscape'>\n\t\t\t\t<a href='https:\/\/www.bitwanadbzura.pl\/?attachment_id=460'><img loading=\"lazy\" decoding=\"async\" width=\"150\" height=\"150\" src=\"https:\/\/www.bitwanadbzura.pl\/wp-content\/uploads\/2011\/09\/IMG_1714-150x150.jpg\" class=\"attachment-thumbnail size-thumbnail\" alt=\"rekonsrtrukcja\" aria-describedby=\"gallery-1-460\" \/><\/a>\n\t\t\t<\/dt>\n\t\t\t\t<dd class='wp-caption-text gallery-caption' id='gallery-1-460'>\n\t\t\t\tprzy ckm\n\t\t\t\t<\/dd><\/dl><dl class='gallery-item'>\n\t\t\t<dt class='gallery-icon landscape'>\n\t\t\t\t<a href='https:\/\/www.bitwanadbzura.pl\/?attachment_id=461'><img loading=\"lazy\" decoding=\"async\" width=\"150\" height=\"150\" src=\"https:\/\/www.bitwanadbzura.pl\/wp-content\/uploads\/2011\/09\/IMG_1715-150x150.jpg\" class=\"attachment-thumbnail size-thumbnail\" alt=\"\" \/><\/a>\n\t\t\t<\/dt><\/dl><dl class='gallery-item'>\n\t\t\t<dt class='gallery-icon landscape'>\n\t\t\t\t<a href='https:\/\/www.bitwanadbzura.pl\/?attachment_id=462'><img loading=\"lazy\" decoding=\"async\" width=\"150\" height=\"150\" src=\"https:\/\/www.bitwanadbzura.pl\/wp-content\/uploads\/2011\/09\/IMG_1718-150x150.jpg\" class=\"attachment-thumbnail size-thumbnail\" alt=\"\" \/><\/a>\n\t\t\t<\/dt><\/dl><br style=\"clear: both\" \/><dl class='gallery-item'>\n\t\t\t<dt class='gallery-icon landscape'>\n\t\t\t\t<a href='https:\/\/www.bitwanadbzura.pl\/?attachment_id=463'><img loading=\"lazy\" decoding=\"async\" width=\"150\" height=\"150\" src=\"https:\/\/www.bitwanadbzura.pl\/wp-content\/uploads\/2011\/09\/IMG_1727-150x150.jpg\" class=\"attachment-thumbnail size-thumbnail\" alt=\"\" \/><\/a>\n\t\t\t<\/dt><\/dl><dl class='gallery-item'>\n\t\t\t<dt class='gallery-icon landscape'>\n\t\t\t\t<a href='https:\/\/www.bitwanadbzura.pl\/?attachment_id=465'><img loading=\"lazy\" decoding=\"async\" width=\"150\" height=\"150\" src=\"https:\/\/www.bitwanadbzura.pl\/wp-content\/uploads\/2011\/09\/IMG_16832-150x150.jpg\" class=\"attachment-thumbnail size-thumbnail\" alt=\"\" \/><\/a>\n\t\t\t<\/dt><\/dl><dl class='gallery-item'>\n\t\t\t<dt class='gallery-icon landscape'>\n\t\t\t\t<a href='https:\/\/www.bitwanadbzura.pl\/?attachment_id=466'><img loading=\"lazy\" decoding=\"async\" width=\"150\" height=\"150\" src=\"https:\/\/www.bitwanadbzura.pl\/wp-content\/uploads\/2011\/09\/IMG_16842-150x150.jpg\" class=\"attachment-thumbnail size-thumbnail\" alt=\"\" \/><\/a>\n\t\t\t<\/dt><\/dl><br style=\"clear: both\" \/><dl class='gallery-item'>\n\t\t\t<dt class='gallery-icon landscape'>\n\t\t\t\t<a href='https:\/\/www.bitwanadbzura.pl\/?attachment_id=467'><img loading=\"lazy\" decoding=\"async\" width=\"150\" height=\"150\" src=\"https:\/\/www.bitwanadbzura.pl\/wp-content\/uploads\/2011\/09\/IMG_1692-150x150.jpg\" class=\"attachment-thumbnail size-thumbnail\" alt=\"\" \/><\/a>\n\t\t\t<\/dt><\/dl><dl class='gallery-item'>\n\t\t\t<dt class='gallery-icon landscape'>\n\t\t\t\t<a href='https:\/\/www.bitwanadbzura.pl\/?attachment_id=468'><img loading=\"lazy\" decoding=\"async\" width=\"150\" height=\"150\" src=\"https:\/\/www.bitwanadbzura.pl\/wp-content\/uploads\/2011\/09\/IMG_16962-150x150.jpg\" class=\"attachment-thumbnail size-thumbnail\" alt=\"\" \/><\/a>\n\t\t\t<\/dt><\/dl><dl class='gallery-item'>\n\t\t\t<dt class='gallery-icon landscape'>\n\t\t\t\t<a href='https:\/\/www.bitwanadbzura.pl\/?attachment_id=469'><img loading=\"lazy\" decoding=\"async\" width=\"150\" height=\"150\" src=\"https:\/\/www.bitwanadbzura.pl\/wp-content\/uploads\/2011\/09\/IMG_1711-150x150.jpg\" class=\"attachment-thumbnail size-thumbnail\" alt=\"\" \/><\/a>\n\t\t\t<\/dt><\/dl><br style=\"clear: both\" \/><dl class='gallery-item'>\n\t\t\t<dt class='gallery-icon landscape'>\n\t\t\t\t<a href='https:\/\/www.bitwanadbzura.pl\/?attachment_id=470'><img loading=\"lazy\" decoding=\"async\" width=\"150\" height=\"150\" src=\"https:\/\/www.bitwanadbzura.pl\/wp-content\/uploads\/2011\/09\/IMG_17141-150x150.jpg\" class=\"attachment-thumbnail size-thumbnail\" alt=\"\" \/><\/a>\n\t\t\t<\/dt><\/dl><dl class='gallery-item'>\n\t\t\t<dt class='gallery-icon landscape'>\n\t\t\t\t<a href='https:\/\/www.bitwanadbzura.pl\/?attachment_id=471'><img loading=\"lazy\" decoding=\"async\" width=\"150\" height=\"150\" src=\"https:\/\/www.bitwanadbzura.pl\/wp-content\/uploads\/2011\/09\/IMG_17181-150x150.jpg\" class=\"attachment-thumbnail size-thumbnail\" alt=\"\" \/><\/a>\n\t\t\t<\/dt><\/dl><dl class='gallery-item'>\n\t\t\t<dt class='gallery-icon landscape'>\n\t\t\t\t<a href='https:\/\/www.bitwanadbzura.pl\/?attachment_id=472'><img loading=\"lazy\" decoding=\"async\" width=\"150\" height=\"150\" src=\"https:\/\/www.bitwanadbzura.pl\/wp-content\/uploads\/2011\/09\/IMG_17271-150x150.jpg\" class=\"attachment-thumbnail size-thumbnail\" alt=\"\" \/><\/a>\n\t\t\t<\/dt><\/dl><br style=\"clear: both\" \/><dl class='gallery-item'>\n\t\t\t<dt class='gallery-icon landscape'>\n\t\t\t\t<a href='https:\/\/www.bitwanadbzura.pl\/?attachment_id=473'><img loading=\"lazy\" decoding=\"async\" width=\"150\" height=\"150\" src=\"https:\/\/www.bitwanadbzura.pl\/wp-content\/uploads\/2011\/09\/Sp\u0142yw-szlakiem-forsowania-Bzury-przez-26DP1-150x150.jpg\" class=\"attachment-thumbnail size-thumbnail\" alt=\"\" \/><\/a>\n\t\t\t<\/dt><\/dl><dl class='gallery-item'>\n\t\t\t<dt class='gallery-icon landscape'>\n\t\t\t\t<a href='https:\/\/www.bitwanadbzura.pl\/?attachment_id=474'><img loading=\"lazy\" decoding=\"async\" width=\"150\" height=\"150\" src=\"https:\/\/www.bitwanadbzura.pl\/wp-content\/uploads\/2011\/09\/DSC07671-150x150.jpg\" class=\"attachment-thumbnail size-thumbnail\" alt=\"\" \/><\/a>\n\t\t\t<\/dt><\/dl><dl class='gallery-item'>\n\t\t\t<dt class='gallery-icon landscape'>\n\t\t\t\t<a href='https:\/\/www.bitwanadbzura.pl\/?attachment_id=475'><img loading=\"lazy\" decoding=\"async\" width=\"150\" height=\"150\" src=\"https:\/\/www.bitwanadbzura.pl\/wp-content\/uploads\/2011\/09\/DSC07672-150x150.jpg\" class=\"attachment-thumbnail size-thumbnail\" alt=\"\" \/><\/a>\n\t\t\t<\/dt><\/dl><br style=\"clear: both\" \/><dl class='gallery-item'>\n\t\t\t<dt class='gallery-icon landscape'>\n\t\t\t\t<a href='https:\/\/www.bitwanadbzura.pl\/?attachment_id=476'><img loading=\"lazy\" decoding=\"async\" width=\"150\" height=\"150\" src=\"https:\/\/www.bitwanadbzura.pl\/wp-content\/uploads\/2011\/09\/DSC07713-150x150.jpg\" class=\"attachment-thumbnail size-thumbnail\" alt=\"\" \/><\/a>\n\t\t\t<\/dt><\/dl><dl class='gallery-item'>\n\t\t\t<dt class='gallery-icon landscape'>\n\t\t\t\t<a href='https:\/\/www.bitwanadbzura.pl\/?attachment_id=477'><img loading=\"lazy\" decoding=\"async\" width=\"150\" height=\"150\" src=\"https:\/\/www.bitwanadbzura.pl\/wp-content\/uploads\/2011\/09\/DSC07740-150x150.jpg\" class=\"attachment-thumbnail size-thumbnail\" alt=\"\" \/><\/a>\n\t\t\t<\/dt><\/dl><dl class='gallery-item'>\n\t\t\t<dt class='gallery-icon landscape'>\n\t\t\t\t<a href='https:\/\/www.bitwanadbzura.pl\/?attachment_id=478'><img loading=\"lazy\" decoding=\"async\" width=\"150\" height=\"150\" src=\"https:\/\/www.bitwanadbzura.pl\/wp-content\/uploads\/2011\/09\/DSC07744-150x150.jpg\" class=\"attachment-thumbnail size-thumbnail\" alt=\"\" \/><\/a>\n\t\t\t<\/dt><\/dl><br style=\"clear: both\" \/><dl class='gallery-item'>\n\t\t\t<dt class='gallery-icon landscape'>\n\t\t\t\t<a href='https:\/\/www.bitwanadbzura.pl\/?attachment_id=479'><img loading=\"lazy\" decoding=\"async\" width=\"150\" height=\"150\" src=\"https:\/\/www.bitwanadbzura.pl\/wp-content\/uploads\/2011\/09\/DSC07753-150x150.jpg\" class=\"attachment-thumbnail size-thumbnail\" alt=\"\" \/><\/a>\n\t\t\t<\/dt><\/dl><dl class='gallery-item'>\n\t\t\t<dt class='gallery-icon landscape'>\n\t\t\t\t<a href='https:\/\/www.bitwanadbzura.pl\/?attachment_id=480'><img loading=\"lazy\" decoding=\"async\" width=\"150\" height=\"150\" src=\"https:\/\/www.bitwanadbzura.pl\/wp-content\/uploads\/2011\/09\/DSC07757-150x150.jpg\" class=\"attachment-thumbnail size-thumbnail\" alt=\"\" \/><\/a>\n\t\t\t<\/dt><\/dl><dl class='gallery-item'>\n\t\t\t<dt class='gallery-icon landscape'>\n\t\t\t\t<a href='https:\/\/www.bitwanadbzura.pl\/?attachment_id=481'><img loading=\"lazy\" decoding=\"async\" width=\"150\" height=\"150\" src=\"https:\/\/www.bitwanadbzura.pl\/wp-content\/uploads\/2011\/09\/DSC07765-150x150.jpg\" class=\"attachment-thumbnail size-thumbnail\" alt=\"\" \/><\/a>\n\t\t\t<\/dt><\/dl><br style=\"clear: both\" \/><dl class='gallery-item'>\n\t\t\t<dt class='gallery-icon landscape'>\n\t\t\t\t<a href='https:\/\/www.bitwanadbzura.pl\/?attachment_id=483'><img loading=\"lazy\" decoding=\"async\" width=\"150\" height=\"150\" src=\"https:\/\/www.bitwanadbzura.pl\/wp-content\/uploads\/2011\/09\/P1080027-150x150.jpg\" class=\"attachment-thumbnail size-thumbnail\" alt=\"\" \/><\/a>\n\t\t\t<\/dt><\/dl><dl class='gallery-item'>\n\t\t\t<dt class='gallery-icon landscape'>\n\t\t\t\t<a href='https:\/\/www.bitwanadbzura.pl\/?attachment_id=484'><img loading=\"lazy\" decoding=\"async\" width=\"150\" height=\"150\" src=\"https:\/\/www.bitwanadbzura.pl\/wp-content\/uploads\/2011\/09\/P1080029-150x150.jpg\" class=\"attachment-thumbnail size-thumbnail\" alt=\"\" \/><\/a>\n\t\t\t<\/dt><\/dl><dl class='gallery-item'>\n\t\t\t<dt class='gallery-icon landscape'>\n\t\t\t\t<a href='https:\/\/www.bitwanadbzura.pl\/?attachment_id=485'><img loading=\"lazy\" decoding=\"async\" width=\"150\" height=\"150\" src=\"https:\/\/www.bitwanadbzura.pl\/wp-content\/uploads\/2011\/09\/P1080030-150x150.jpg\" class=\"attachment-thumbnail size-thumbnail\" alt=\"\" \/><\/a>\n\t\t\t<\/dt><\/dl><br style=\"clear: both\" \/><dl class='gallery-item'>\n\t\t\t<dt class='gallery-icon landscape'>\n\t\t\t\t<a href='https:\/\/www.bitwanadbzura.pl\/?attachment_id=486'><img loading=\"lazy\" decoding=\"async\" width=\"150\" height=\"150\" src=\"https:\/\/www.bitwanadbzura.pl\/wp-content\/uploads\/2011\/09\/P1080032-150x150.jpg\" class=\"attachment-thumbnail size-thumbnail\" alt=\"\" \/><\/a>\n\t\t\t<\/dt><\/dl><dl class='gallery-item'>\n\t\t\t<dt class='gallery-icon landscape'>\n\t\t\t\t<a href='https:\/\/www.bitwanadbzura.pl\/?attachment_id=487'><img loading=\"lazy\" decoding=\"async\" width=\"150\" height=\"150\" src=\"https:\/\/www.bitwanadbzura.pl\/wp-content\/uploads\/2011\/09\/P1080037-150x150.jpg\" class=\"attachment-thumbnail size-thumbnail\" alt=\"\" \/><\/a>\n\t\t\t<\/dt><\/dl><dl class='gallery-item'>\n\t\t\t<dt class='gallery-icon landscape'>\n\t\t\t\t<a href='https:\/\/www.bitwanadbzura.pl\/?attachment_id=488'><img loading=\"lazy\" decoding=\"async\" width=\"150\" height=\"150\" src=\"https:\/\/www.bitwanadbzura.pl\/wp-content\/uploads\/2011\/09\/P1080044-150x150.jpg\" class=\"attachment-thumbnail size-thumbnail\" alt=\"\" \/><\/a>\n\t\t\t<\/dt><\/dl><br style=\"clear: both\" \/>\n\t\t<\/div>\n\n<p>&nbsp;<\/p>\n<p>&nbsp;<\/p>\n<p>&nbsp;<\/p>\n<p>&nbsp;<\/p>\n<p>&nbsp;<\/p>\n<p>&nbsp;<\/p>\n<p>&nbsp;<\/p>\n<p>&nbsp;<\/p>\n<p>&nbsp;<\/p>\n<p>&nbsp;<\/p>\n<p>&nbsp;<\/p>\n<p>&nbsp;<\/p>\n<p>&nbsp;<\/p>\n<p>&nbsp;<\/p>\n<p>&nbsp;<\/p>\n<p>&nbsp;<\/p>\n<p>&nbsp;<\/p>\n<p>&nbsp;<\/p>\n<p>&nbsp;<\/p>\n<p>&nbsp;<\/p>\n<p>&nbsp;<\/p>\n<p>&nbsp;<\/p>\n<p>&nbsp;<\/p>\n<p>&nbsp;<\/p>\n<p>&nbsp;<\/p>\n<p>&nbsp;<\/p>\n<p>&nbsp;<\/p>\n<p>&nbsp;<\/p>\n<p>&nbsp;<\/p>\n<p>&nbsp;<\/p>\n<p>&nbsp;<\/p>\n","protected":false},"excerpt":{"rendered":"<p>&nbsp; UROCZYSTO\u015a\u008cCI ZWI\u0104ZANE Z OBCHODAMI 71-EJ ROCZNICY BITWY NAD BZUR\u0104 I 90.\u00a0 ROCZNICY UTWORZENIA 26 DYWIZJI PIECHOTY W KOZ\u0141OWIE SZLACHECKIM. W dniu 14 wrze\u009cnia 1939 roku 10 i 37 pu\u0142k piechoty z 26 dywizji piechoty armii POMORZE forsowa\u0142y Bzur\u0119 na odcinku od Koz\u0142owa Szlacheckiego do Kompiny. Natarcie to mia\u0142o dramatyczny przebieg w ko\u0144cowej fazie. Pomi\u0119dzy [&hellip;]<\/p>\n","protected":false},"author":1,"featured_media":0,"parent":4,"menu_order":0,"comment_status":"open","ping_status":"open","template":"","meta":{"footnotes":""},"class_list":["post-32","page","type-page","status-publish","hentry"],"_links":{"self":[{"href":"https:\/\/www.bitwanadbzura.pl\/index.php?rest_route=\/wp\/v2\/pages\/32","targetHints":{"allow":["GET"]}}],"collection":[{"href":"https:\/\/www.bitwanadbzura.pl\/index.php?rest_route=\/wp\/v2\/pages"}],"about":[{"href":"https:\/\/www.bitwanadbzura.pl\/index.php?rest_route=\/wp\/v2\/types\/page"}],"author":[{"embeddable":true,"href":"https:\/\/www.bitwanadbzura.pl\/index.php?rest_route=\/wp\/v2\/users\/1"}],"replies":[{"embeddable":true,"href":"https:\/\/www.bitwanadbzura.pl\/index.php?rest_route=%2Fwp%2Fv2%2Fcomments&post=32"}],"version-history":[{"count":9,"href":"https:\/\/www.bitwanadbzura.pl\/index.php?rest_route=\/wp\/v2\/pages\/32\/revisions"}],"predecessor-version":[{"id":442,"href":"https:\/\/www.bitwanadbzura.pl\/index.php?rest_route=\/wp\/v2\/pages\/32\/revisions\/442"}],"up":[{"embeddable":true,"href":"https:\/\/www.bitwanadbzura.pl\/index.php?rest_route=\/wp\/v2\/pages\/4"}],"wp:attachment":[{"href":"https:\/\/www.bitwanadbzura.pl\/index.php?rest_route=%2Fwp%2Fv2%2Fmedia&parent=32"}],"curies":[{"name":"wp","href":"https:\/\/api.w.org\/{rel}","templated":true}]}}