{"id":34,"date":"2011-09-30T14:00:45","date_gmt":"2011-09-30T12:00:45","guid":{"rendered":"http:\/\/paciorek.org\/bitwa\/?page_id=34"},"modified":"2011-10-02T00:33:29","modified_gmt":"2011-10-01T22:33:29","slug":"wstep","status":"publish","type":"page","link":"https:\/\/www.bitwanadbzura.pl\/?page_id=34","title":{"rendered":"Wst\u0119p"},"content":{"rendered":"<p>&nbsp;<\/p>\n<p><em>Ka\u017cdy lud mo\u017ce \u017cy\u0107<br \/>\ni rozwija\u0107 si\u0119 tylko dot\u0105d,<br \/>\ndok\u0105d zna i mi\u0142uje swoj\u0105 przesz\u0142o\u015b\u0107<br \/>\nginie, gdy traci dla niej szacunek<\/em><\/p>\n<p><em>Seneka<\/em><\/p>\n<p>&nbsp;<\/p>\n<p style=\"text-align: center;\">WST\u0118P<\/p>\n<p>Na cmentarzu parafialnym w Koz\u0142owie Szlacheckim znajduje si\u0119 zbiorowa mogi\u0142a 190 \u017co\u0142nierzy poleg\u0142ych w Bitwie nad Bzur\u0105 we wrze\u015bniu 1939 r., a w Nowym D\u0119bsku jest miejsce pami\u0119ci, gdzie zosta\u0142o pochowanych 134 \u017co\u0142nierzy. Po g\u0142\u0119bszej refleksji nad t\u0105 krwaw\u0105 bitw\u0105 i tragicznym losem jej uczestnik\u00f3w, rodz\u0105 si\u0119 pytania: kim byli ci \u017co\u0142nierze, jak przebiega\u0142a bitwa w rejonie Koz\u0142owa Szlacheckiego, jakie polskie i niemieckie jednostki wojskowe walczy\u0142y w okolicy tych miejscowo\u015bci, kto nimi dowodzi\u0142?<\/p>\n<p>Spr\u00f3buj\u0119 znale\u017a\u0107 chocia\u017c cz\u0119\u015bciow\u0105 odpowied\u017a na podstawie dokument\u00f3w z muze\u00f3w w Sochaczewie, \u0141owiczu i Kutnie. Odpowiedzi szuka\u0142em w literaturze na temat tego okresu oraz w relacjach \u015bwiadk\u00f3w tamtych dni. Wi\u0119kszo\u015b\u0107 \u015bwiadk\u00f3w ju\u017c zmar\u0142a, ale \u017ar\u00f3d\u0142em informacji jest zeszyt p. Jana Wojdy, kt\u00f3ry spisa\u0142 nazwiska poleg\u0142ych \u017co\u0142nierzy pochowanych w Nowym D\u0119bsku. Opisa\u0142 r\u00f3wnie\u017c niekt\u00f3re wydarzenia z tamtych dni.<\/p>\n<p>Chcia\u0142bym uchroni\u0107 od zapomnienia krwawe walki z ostatniej fazy bitwy nad Bzur\u0105 w okolicy Koz\u0142owa Szlacheckiego, Nowego Koz\u0142owa Pierwszego, Nowego D\u0119bska i Brak. Poleg\u0142ym jeste\u015bmy winni pami\u0119\u0107.<\/p>\n<p>&nbsp;<\/p>\n\n\t\t<style type=\"text\/css\">\n\t\t\t#gallery-1 {\n\t\t\t\tmargin: auto;\n\t\t\t}\n\t\t\t#gallery-1 .gallery-item {\n\t\t\t\tfloat: left;\n\t\t\t\tmargin-top: 10px;\n\t\t\t\ttext-align: center;\n\t\t\t\twidth: 50%;\n\t\t\t}\n\t\t\t#gallery-1 img {\n\t\t\t\tborder: 2px solid #cfcfcf;\n\t\t\t}\n\t\t\t#gallery-1 .gallery-caption {\n\t\t\t\tmargin-left: 0;\n\t\t\t}\n\t\t\t\/* see gallery_shortcode() in wp-includes\/media.php *\/\n\t\t<\/style>\n\t\t<div id='gallery-1' class='gallery galleryid-34 gallery-columns-2 gallery-size-thumbnail'><dl class='gallery-item'>\n\t\t\t<dt class='gallery-icon landscape'>\n\t\t\t\t<a href='https:\/\/www.bitwanadbzura.pl\/wp-content\/uploads\/2011\/09\/DSC00309.jpg'><img loading=\"lazy\" decoding=\"async\" width=\"150\" height=\"150\" src=\"https:\/\/www.bitwanadbzura.pl\/wp-content\/uploads\/2011\/09\/DSC00309-150x150.jpg\" class=\"attachment-thumbnail size-thumbnail\" alt=\"\" aria-describedby=\"gallery-1-184\" \/><\/a>\n\t\t\t<\/dt>\n\t\t\t\t<dd class='wp-caption-text gallery-caption' id='gallery-1-184'>\n\t\t\t\tMiejsce pami\u0119ci w Nowym D\u0119bsku, gdzie zosta\u0142o pochowanych 134 poleg\u0142ych \u017co\u0142nierzy w bitwie nad Bzur\u0105.  \n\t\t\t\t<\/dd><\/dl><dl class='gallery-item'>\n\t\t\t<dt class='gallery-icon landscape'>\n\t\t\t\t<a href='https:\/\/www.bitwanadbzura.pl\/wp-content\/uploads\/2011\/09\/Wstep_clip_image002.jpg'><img loading=\"lazy\" decoding=\"async\" width=\"150\" height=\"150\" src=\"https:\/\/www.bitwanadbzura.pl\/wp-content\/uploads\/2011\/09\/Wstep_clip_image002-150x150.jpg\" class=\"attachment-thumbnail size-thumbnail\" alt=\"\" aria-describedby=\"gallery-1-185\" \/><\/a>\n\t\t\t<\/dt>\n\t\t\t\t<dd class='wp-caption-text gallery-caption' id='gallery-1-185'>\n\t\t\t\tZbiorowa mogi\u0142a 190 poleg\u0142ych \u017co\u0142nierzy w bitwie nad Bzur\u0105 na cmentarzu parafialnym w Koz\u0142owie Szlacheckim.\n\t\t\t\t<\/dd><\/dl><br style=\"clear: both\" \/>\n\t\t<\/div>\n\n","protected":false},"excerpt":{"rendered":"<p>&nbsp; Ka\u017cdy lud mo\u017ce \u017cy\u0107 i rozwija\u0107 si\u0119 tylko dot\u0105d, dok\u0105d zna i mi\u0142uje swoj\u0105 przesz\u0142o\u015b\u0107 ginie, gdy traci dla niej szacunek Seneka &nbsp; WST\u0118P Na cmentarzu parafialnym w Koz\u0142owie Szlacheckim znajduje si\u0119 zbiorowa mogi\u0142a 190 \u017co\u0142nierzy poleg\u0142ych w Bitwie nad Bzur\u0105 we wrze\u015bniu 1939 r., a w Nowym D\u0119bsku jest miejsce pami\u0119ci, gdzie zosta\u0142o [&hellip;]<\/p>\n","protected":false},"author":1,"featured_media":0,"parent":9,"menu_order":0,"comment_status":"open","ping_status":"open","template":"","meta":{"footnotes":""},"class_list":["post-34","page","type-page","status-publish","hentry"],"_links":{"self":[{"href":"https:\/\/www.bitwanadbzura.pl\/index.php?rest_route=\/wp\/v2\/pages\/34","targetHints":{"allow":["GET"]}}],"collection":[{"href":"https:\/\/www.bitwanadbzura.pl\/index.php?rest_route=\/wp\/v2\/pages"}],"about":[{"href":"https:\/\/www.bitwanadbzura.pl\/index.php?rest_route=\/wp\/v2\/types\/page"}],"author":[{"embeddable":true,"href":"https:\/\/www.bitwanadbzura.pl\/index.php?rest_route=\/wp\/v2\/users\/1"}],"replies":[{"embeddable":true,"href":"https:\/\/www.bitwanadbzura.pl\/index.php?rest_route=%2Fwp%2Fv2%2Fcomments&post=34"}],"version-history":[{"count":6,"href":"https:\/\/www.bitwanadbzura.pl\/index.php?rest_route=\/wp\/v2\/pages\/34\/revisions"}],"predecessor-version":[{"id":181,"href":"https:\/\/www.bitwanadbzura.pl\/index.php?rest_route=\/wp\/v2\/pages\/34\/revisions\/181"}],"up":[{"embeddable":true,"href":"https:\/\/www.bitwanadbzura.pl\/index.php?rest_route=\/wp\/v2\/pages\/9"}],"wp:attachment":[{"href":"https:\/\/www.bitwanadbzura.pl\/index.php?rest_route=%2Fwp%2Fv2%2Fmedia&parent=34"}],"curies":[{"name":"wp","href":"https:\/\/api.w.org\/{rel}","templated":true}]}}