{"id":710,"date":"2012-09-18T20:11:12","date_gmt":"2012-09-18T18:11:12","guid":{"rendered":"http:\/\/paciorek.org\/bitwa\/?page_id=710"},"modified":"2012-09-19T17:13:59","modified_gmt":"2012-09-19T15:13:59","slug":"73-rocznica-bitwy-nad-bzura-nowy-debsk","status":"publish","type":"page","link":"https:\/\/www.bitwanadbzura.pl\/?page_id=710","title":{"rendered":"73. Rocznica Bitwy nad Bzur\u0105 &#8211; Nowy D\u0119bsk"},"content":{"rendered":"<p>73. ROCZNICA BITWY NAD BZUR\u0104 \u2013 NOWY D\u0118BSK<\/p>\n<p>W dniu 14 wrze\u015bnia 2012 roku Spo\u0142eczny Komitet dla Upami\u0119tnienia Bitwy 26 Dywizji Piechoty w 1939 roku zorganizowa\u0142 skromn\u0105 uroczysto\u015b\u0107 przy Pomniku Pami\u0119ci w Nowym D\u0119bsku dla uczczenia pami\u0119ci poleg\u0142ych \u017co\u0142nierzy w Bitwie nad Bzur\u0105 na terenie naszej gminy.<\/p>\n<p>Do Nowego D\u0119bska przybyli uczniowie sz\u00f3stej klasy ze sztandarem ze Szko\u0142y Podstawowej im. Bohater\u00f3w Bitwy Nad Bzur\u0105 w Koz\u0142owie Szlacheckim z p. dyrektor Mari\u0105 Modzelewsk\u0105-Papiernik, oraz trzecia klasa Publicznego Gimnazjum z Koz\u0142owa Szlacheckiego z p. dyrektor Ma\u0142gorzat\u0105 Antosik. Przybyli r\u00f3wnie\u017c cz\u0142onkowie Stowarzyszenia Senior\u00f3w Gminy w Nowej Suchej i mieszka\u0144cy okolicznych miejscowo\u015bci. Obecny by\u0142 p. W\u00f3jt Gminy Nowa Sucha Maciej Mo\u0144ka.<\/p>\n<p>Uroczysto\u015b\u0107 rozpocz\u0119to od od\u015bpiewania hymnu, nast\u0119pnie pod przewodnictwem ksi\u0119dza proboszcza W\u0142adys\u0142awa Czaplickiego odm\u00f3wiono modlitw\u0119 za poleg\u0142ych \u017co\u0142nierzy z 26 Dywizji Piechoty.<\/p>\n<p>Alfred Nowi\u0144ski przypomnia\u0142 przebieg bitwy w dniu 16 wrze\u015bnia w 1939 roku jaka rozegra\u0142a si\u0119 tu wok\u00f3\u0142 tego pomnika. R\u00f3wnie\u017c odczyta\u0142 wiersz napisany przez p. Arkadiusza Wasilewskiego \u201ePo\u017cegnanie\u201d Ten wiersz jest dedykowany poleg\u0142ym \u017co\u0142nierzom z 26 Dywizji Piechoty na polach Nowego Koz\u0142owa i Nowego D\u0119bska w dniu 16 wrze\u015bnia 1939 roku.<\/p>\n<p>Uczniowie ze szko\u0142y wyrecytowali wiersz \u201ePoleg\u0142ym nad Bzur\u0105\u201d za\u015bpiewali piosenki \u201e Bia\u0142y krzy\u017c\u201d \u201eDeszcz jesienny deszcz.\u201d<\/p>\n<p>Seniorzy od\u015bpiewali cztery piosenki m. in. \u201eRozkwita\u0142y p\u0105ki bia\u0142ych r\u00f3\u017c\u201d<\/p>\n<p>Na zako\u0144czenie od\u015bpiewano \u201e Bo\u017ce co\u015b Polsk\u0119\u201d i z\u0142o\u017cono kwiaty. W czasie sk\u0142adania kwiat\u00f3w Janek S\u0142awi\u0144ski na saksofonie gra\u0142 \u201e Cisz\u0119.\u201d<\/p>\n\n<p>&nbsp;<\/p>\n","protected":false},"excerpt":{"rendered":"<p>73. ROCZNICA BITWY NAD BZUR\u0104 \u2013 NOWY D\u0118BSK W dniu 14 wrze\u015bnia 2012 roku Spo\u0142eczny Komitet dla Upami\u0119tnienia Bitwy 26 Dywizji Piechoty w 1939 roku zorganizowa\u0142 skromn\u0105 uroczysto\u015b\u0107 przy Pomniku Pami\u0119ci w Nowym D\u0119bsku dla uczczenia pami\u0119ci poleg\u0142ych \u017co\u0142nierzy w Bitwie nad Bzur\u0105 na terenie naszej gminy. Do Nowego D\u0119bska przybyli uczniowie sz\u00f3stej klasy ze [&hellip;]<\/p>\n","protected":false},"author":2,"featured_media":0,"parent":4,"menu_order":0,"comment_status":"closed","ping_status":"open","template":"","meta":{"footnotes":""},"class_list":["post-710","page","type-page","status-publish","hentry"],"_links":{"self":[{"href":"https:\/\/www.bitwanadbzura.pl\/index.php?rest_route=\/wp\/v2\/pages\/710","targetHints":{"allow":["GET"]}}],"collection":[{"href":"https:\/\/www.bitwanadbzura.pl\/index.php?rest_route=\/wp\/v2\/pages"}],"about":[{"href":"https:\/\/www.bitwanadbzura.pl\/index.php?rest_route=\/wp\/v2\/types\/page"}],"author":[{"embeddable":true,"href":"https:\/\/www.bitwanadbzura.pl\/index.php?rest_route=\/wp\/v2\/users\/2"}],"replies":[{"embeddable":true,"href":"https:\/\/www.bitwanadbzura.pl\/index.php?rest_route=%2Fwp%2Fv2%2Fcomments&post=710"}],"version-history":[{"count":7,"href":"https:\/\/www.bitwanadbzura.pl\/index.php?rest_route=\/wp\/v2\/pages\/710\/revisions"}],"predecessor-version":[{"id":714,"href":"https:\/\/www.bitwanadbzura.pl\/index.php?rest_route=\/wp\/v2\/pages\/710\/revisions\/714"}],"up":[{"embeddable":true,"href":"https:\/\/www.bitwanadbzura.pl\/index.php?rest_route=\/wp\/v2\/pages\/4"}],"wp:attachment":[{"href":"https:\/\/www.bitwanadbzura.pl\/index.php?rest_route=%2Fwp%2Fv2%2Fmedia&parent=710"}],"curies":[{"name":"wp","href":"https:\/\/api.w.org\/{rel}","templated":true}]}}

73. Rocznica Bitwy nad Bzurą &#8211; Nowy Dębsk

<p>73. ROCZNICA BITWY NAD BZURĄ – NOWY DĘBSK</p>
<p>W dniu 14 września 2012 roku Społeczny Komitet dla Upamiętnienia Bitwy 26 Dywizji Piechoty w 1939 roku zorganizował skromną uroczystość przy Pomniku Pamięci w Nowym Dębsku dla uczczenia pamięci poległych żołnierzy w Bitwie nad Bzurą na terenie naszej gminy.</p>
<p>Do Nowego Dębska przybyli uczniowie szóstej klasy ze sztandarem ze Szkoły Podstawowej im. Bohaterów Bitwy Nad Bzurą w Kozłowie Szlacheckim z p. dyrektor Marią Modzelewską-Papiernik, oraz trzecia klasa Publicznego Gimnazjum z Kozłowa Szlacheckiego z p. dyrektor Małgorzatą Antosik. Przybyli również członkowie Stowarzyszenia Seniorów Gminy w Nowej Suchej i mieszkańcy okolicznych miejscowości. Obecny był p. Wójt Gminy Nowa Sucha Maciej Mońka.</p>
<p>Uroczystość rozpoczęto od odśpiewania hymnu, następnie pod przewodnictwem księdza proboszcza Władysława Czaplickiego odmówiono modlitwę za poległych żołnierzy z 26 Dywizji Piechoty.</p>
<p>Alfred Nowiński przypomniał przebieg bitwy w dniu 16 września w 1939 roku jaka rozegrała się tu wokół tego pomnika. Również odczytał wiersz napisany przez p. Arkadiusza Wasilewskiego „Pożegnanie” Ten wiersz jest dedykowany poległym żołnierzom z 26 Dywizji Piechoty na polach Nowego Kozłowa i Nowego Dębska w dniu 16 września 1939 roku.</p>
<p>Uczniowie ze szkoły wyrecytowali wiersz „Poległym nad Bzurą” zaśpiewali piosenki „ Biały krzyż” „Deszcz jesienny deszcz.”</p>
<p>Seniorzy odśpiewali cztery piosenki m. in. „Rozkwitały pąki białych róż”</p>
<p>Na zakończenie odśpiewano „ Boże coś Polskę” i złożono kwiaty. W czasie składania kwiatów Janek Sławiński na saksofonie grał „ Ciszę.”</p>

<p>&nbsp;</p>

<p>73. ROCZNICA BITWY NAD BZURĄ – NOWY DĘBSK W dniu 14 września 2012 roku Społeczny Komitet dla Upamiętnienia Bitwy 26 Dywizji Piechoty w 1939 roku zorganizował skromną uroczystość przy Pomniku Pamięci w Nowym Dębsku dla uczczenia pamięci poległych żołnierzy w Bitwie nad Bzurą na terenie naszej gminy. Do Nowego Dębska przybyli uczniowie szóstej klasy ze [&hellip;]</p>
