{"id":927,"date":"2013-09-26T10:19:05","date_gmt":"2013-09-26T08:19:05","guid":{"rendered":"http:\/\/paciorek.org\/bitwa\/?page_id=927"},"modified":"2013-10-03T09:43:08","modified_gmt":"2013-10-03T07:43:08","slug":"gablota-poswiecona-bitwie-nad-bzura-26-dp","status":"publish","type":"page","link":"https:\/\/www.bitwanadbzura.pl\/?page_id=927","title":{"rendered":"Gablota &#8211; po\u015bwi\u0119cona Bitwie nad Bzur\u0105 26 DP"},"content":{"rendered":"<p class=\"MsoNormal\" style=\"text-align: justify;\"><span style=\"font-size: 14.0pt; line-height: 115%;\">\n\t\t<style type=\"text\/css\">\n\t\t\t#gallery-1 {\n\t\t\t\tmargin: auto;\n\t\t\t}\n\t\t\t#gallery-1 .gallery-item {\n\t\t\t\tfloat: left;\n\t\t\t\tmargin-top: 10px;\n\t\t\t\ttext-align: center;\n\t\t\t\twidth: 50%;\n\t\t\t}\n\t\t\t#gallery-1 img {\n\t\t\t\tborder: 2px solid #cfcfcf;\n\t\t\t}\n\t\t\t#gallery-1 .gallery-caption {\n\t\t\t\tmargin-left: 0;\n\t\t\t}\n\t\t\t\/* see gallery_shortcode() in wp-includes\/media.php *\/\n\t\t<\/style>\n\t\t<div id='gallery-1' class='gallery galleryid-927 gallery-columns-2 gallery-size-thumbnail'><dl class='gallery-item'>\n\t\t\t<dt class='gallery-icon landscape'>\n\t\t\t\t<a href='https:\/\/www.bitwanadbzura.pl\/?attachment_id=952'><img loading=\"lazy\" decoding=\"async\" width=\"150\" height=\"150\" src=\"https:\/\/www.bitwanadbzura.pl\/wp-content\/uploads\/2013\/09\/DSC00557-150x150.jpg\" class=\"attachment-thumbnail size-thumbnail\" alt=\"\" \/><\/a>\n\t\t\t<\/dt><\/dl><dl class='gallery-item'>\n\t\t\t<dt class='gallery-icon landscape'>\n\t\t\t\t<a href='https:\/\/www.bitwanadbzura.pl\/?attachment_id=953'><img loading=\"lazy\" decoding=\"async\" width=\"150\" height=\"150\" src=\"https:\/\/www.bitwanadbzura.pl\/wp-content\/uploads\/2013\/09\/IMG_5695-150x150.jpg\" class=\"attachment-thumbnail size-thumbnail\" alt=\"\" \/><\/a>\n\t\t\t<\/dt><\/dl><br style=\"clear: both\" \/><dl class='gallery-item'>\n\t\t\t<dt class='gallery-icon landscape'>\n\t\t\t\t<a href='https:\/\/www.bitwanadbzura.pl\/?attachment_id=954'><img loading=\"lazy\" decoding=\"async\" width=\"150\" height=\"150\" src=\"https:\/\/www.bitwanadbzura.pl\/wp-content\/uploads\/2013\/09\/IMG_5697-150x150.jpg\" class=\"attachment-thumbnail size-thumbnail\" alt=\"\" \/><\/a>\n\t\t\t<\/dt><\/dl><dl class='gallery-item'>\n\t\t\t<dt class='gallery-icon landscape'>\n\t\t\t\t<a href='https:\/\/www.bitwanadbzura.pl\/?attachment_id=955'><img loading=\"lazy\" decoding=\"async\" width=\"150\" height=\"150\" src=\"https:\/\/www.bitwanadbzura.pl\/wp-content\/uploads\/2013\/09\/IMG_5698-150x150.jpg\" class=\"attachment-thumbnail size-thumbnail\" alt=\"\" \/><\/a>\n\t\t\t<\/dt><\/dl><br style=\"clear: both\" \/><dl class='gallery-item'>\n\t\t\t<dt class='gallery-icon landscape'>\n\t\t\t\t<a href='https:\/\/www.bitwanadbzura.pl\/?attachment_id=956'><img loading=\"lazy\" decoding=\"async\" width=\"150\" height=\"150\" src=\"https:\/\/www.bitwanadbzura.pl\/wp-content\/uploads\/2013\/09\/IMG_5699-150x150.jpg\" class=\"attachment-thumbnail size-thumbnail\" alt=\"\" \/><\/a>\n\t\t\t<\/dt><\/dl><dl class='gallery-item'>\n\t\t\t<dt class='gallery-icon landscape'>\n\t\t\t\t<a href='https:\/\/www.bitwanadbzura.pl\/?attachment_id=957'><img loading=\"lazy\" decoding=\"async\" width=\"150\" height=\"150\" src=\"https:\/\/www.bitwanadbzura.pl\/wp-content\/uploads\/2013\/09\/IMG_5704-150x150.jpg\" class=\"attachment-thumbnail size-thumbnail\" alt=\"\" \/><\/a>\n\t\t\t<\/dt><\/dl><br style=\"clear: both\" \/><dl class='gallery-item'>\n\t\t\t<dt class='gallery-icon landscape'>\n\t\t\t\t<a href='https:\/\/www.bitwanadbzura.pl\/?attachment_id=958'><img loading=\"lazy\" decoding=\"async\" width=\"150\" height=\"150\" src=\"https:\/\/www.bitwanadbzura.pl\/wp-content\/uploads\/2013\/09\/IMG_5707-150x150.jpg\" class=\"attachment-thumbnail size-thumbnail\" alt=\"\" \/><\/a>\n\t\t\t<\/dt><\/dl><dl class='gallery-item'>\n\t\t\t<dt class='gallery-icon landscape'>\n\t\t\t\t<a href='https:\/\/www.bitwanadbzura.pl\/?attachment_id=959'><img loading=\"lazy\" decoding=\"async\" width=\"150\" height=\"150\" src=\"https:\/\/www.bitwanadbzura.pl\/wp-content\/uploads\/2013\/09\/IMG_5708-150x150.jpg\" class=\"attachment-thumbnail size-thumbnail\" alt=\"\" \/><\/a>\n\t\t\t<\/dt><\/dl><br style=\"clear: both\" \/><dl class='gallery-item'>\n\t\t\t<dt class='gallery-icon landscape'>\n\t\t\t\t<a href='https:\/\/www.bitwanadbzura.pl\/?attachment_id=960'><img loading=\"lazy\" decoding=\"async\" width=\"150\" height=\"150\" src=\"https:\/\/www.bitwanadbzura.pl\/wp-content\/uploads\/2013\/09\/IMG_5709-150x150.jpg\" class=\"attachment-thumbnail size-thumbnail\" alt=\"\" \/><\/a>\n\t\t\t<\/dt><\/dl><dl class='gallery-item'>\n\t\t\t<dt class='gallery-icon landscape'>\n\t\t\t\t<a href='https:\/\/www.bitwanadbzura.pl\/?attachment_id=961'><img loading=\"lazy\" decoding=\"async\" width=\"150\" height=\"150\" src=\"https:\/\/www.bitwanadbzura.pl\/wp-content\/uploads\/2013\/09\/IMG_5710-150x150.jpg\" class=\"attachment-thumbnail size-thumbnail\" alt=\"\" \/><\/a>\n\t\t\t<\/dt><\/dl><br style=\"clear: both\" \/><dl class='gallery-item'>\n\t\t\t<dt class='gallery-icon landscape'>\n\t\t\t\t<a href='https:\/\/www.bitwanadbzura.pl\/?attachment_id=962'><img loading=\"lazy\" decoding=\"async\" width=\"150\" height=\"150\" src=\"https:\/\/www.bitwanadbzura.pl\/wp-content\/uploads\/2013\/09\/IMG_5712-150x150.jpg\" class=\"attachment-thumbnail size-thumbnail\" alt=\"\" \/><\/a>\n\t\t\t<\/dt><\/dl><dl class='gallery-item'>\n\t\t\t<dt class='gallery-icon landscape'>\n\t\t\t\t<a href='https:\/\/www.bitwanadbzura.pl\/?attachment_id=963'><img loading=\"lazy\" decoding=\"async\" width=\"150\" height=\"150\" src=\"https:\/\/www.bitwanadbzura.pl\/wp-content\/uploads\/2013\/09\/IMG_5714-150x150.jpg\" class=\"attachment-thumbnail size-thumbnail\" alt=\"\" \/><\/a>\n\t\t\t<\/dt><\/dl><br style=\"clear: both\" \/><dl class='gallery-item'>\n\t\t\t<dt class='gallery-icon landscape'>\n\t\t\t\t<a href='https:\/\/www.bitwanadbzura.pl\/?attachment_id=964'><img loading=\"lazy\" decoding=\"async\" width=\"150\" height=\"150\" src=\"https:\/\/www.bitwanadbzura.pl\/wp-content\/uploads\/2013\/09\/IMG_5715-150x150.jpg\" class=\"attachment-thumbnail size-thumbnail\" alt=\"\" \/><\/a>\n\t\t\t<\/dt><\/dl><dl class='gallery-item'>\n\t\t\t<dt class='gallery-icon landscape'>\n\t\t\t\t<a href='https:\/\/www.bitwanadbzura.pl\/?attachment_id=965'><img loading=\"lazy\" decoding=\"async\" width=\"150\" height=\"150\" src=\"https:\/\/www.bitwanadbzura.pl\/wp-content\/uploads\/2013\/09\/IMG_5717-150x150.jpg\" class=\"attachment-thumbnail size-thumbnail\" alt=\"\" \/><\/a>\n\t\t\t<\/dt><\/dl><br style=\"clear: both\" \/>\n\t\t<\/div>\n<\/p>\n<p><\/span><\/p>\n<p>&nbsp;<\/p>\n<p>W czasie inauguracji roku szkolnego w Zespole Szk\u00f3\u0142 w Koz\u0142owie Szlacheckim w dniu 2 wrze\u015bnia 2013 roku . Odby\u0142o si\u0119 uroczyste przekazanie gabloty o tematyce Bitwy nad Bzur\u0105 Szkole Podstawowej im. Bohater\u00f3w Bitwy nad Bzur\u0105 w Koz\u0142owie Szlacheckim przez Spo\u0142eczny Komitet dla Upami\u0119tnienia Bitwy 26 Dywizji Piechoty w 1939r.Wymiary gabloty 1,5m na 1,0 m.<\/p>\n<p class=\"MsoNormal\" style=\"text-align: justify;\"><span style=\"font-size: 14.0pt; line-height: 115%;\">Zawarto\u015b\u0107 gabloty informuje o patronach tej szko\u0142y, o ich walce, o \u015bmierci i o pami\u0119ci o nich.<\/span><\/p>\n<p class=\"MsoNormal\" style=\"text-align: justify;\"><span style=\"font-size: 14.0pt; line-height: 115%;\">Gablota podzielona jest na trzy cz\u0119\u015bci:<\/span><\/p>\n<p class=\"MsoNormal\" style=\"text-align: justify;\"><span style=\"font-size: 14.0pt; line-height: 115%;\">BITWA\u2026. \u2013 opisany jest w skr\u00f3cie wybuch wojny, bitwa toczona przez Armie Pozna\u0144 i Pomorze, bardziej szczeg\u00f3\u0142owo jest opisana bitwa jak\u0105 stoczy\u0142a 26 Dywizja Piechoty na naszym terenie w dniach 14 \u2013 16 wrze\u015bnia 1939 roku, mapa przedstawiaj\u0105ca po\u0142o\u017cenie wojsk 26 Dywizji Piechoty i wojsk niemieckich oraz kalendarium bitwy na naszym terenie. Jest r\u00f3wnie\u017c ksi\u0105\u017cka Piotra A. Kuku\u0142y \u201e Piechurzy kutnowskiego pu\u0142ku\u201d opisuj\u0105ca przebieg bitwy nad Bzur\u0105 na naszym terenie.<\/span><\/p>\n<p class=\"MsoNormal\" style=\"text-align: justify;\"><span style=\"font-size: 14.0pt; line-height: 115%;\">\u2026NAZAJUTRZ PO BITWIE\u2026 zawiera opis przebiegu podejmowania cia\u0142 poleg\u0142ych \u017co\u0142nierzy i ich poch\u00f3wek, zdj\u0119cie z lat 40. Pomnika i zbiorowej mogi\u0142y w Nowym D\u0119bsku, relacja p. K. Kapusty mieszka\u0144ca Nowego Koz\u0142owa A przebiegu bitwy na naszym terenie, relacj\u0119 t\u0105 przekaza\u0142 P. Kukule autorowi wspomnianej ksi\u0105\u017cki, kopia listy poleg\u0142ych \u017co\u0142nierzy sporz\u0105dzona przez p. J. Wojd\u0119, kopia notesu, kt\u00f3ry pos\u0142u\u017cy\u0142 do spisu adnotacji w czasie poch\u00f3wku, kopia niedoko\u0144czonego listu poleg\u0142ego \u017co\u0142nierza, zdj\u0119cia poleg\u0142ych \u017co\u0142nierzy, kopia nie\u015bmiertelnika oraz kopia dw\u00f3ch stron z zeszytu J. Wojdy z opisem przebiegu poch\u00f3wku.<\/span><\/p>\n<p class=\"MsoNormal\" style=\"text-align: justify;\"><span style=\"font-size: 14.0pt; line-height: 115%;\">\u2026PO LATACH. \u2013 zawiera zdj\u0119cia i opisy uroczysto\u015bci po\u015bwi\u0119conych Bitwie nad Bzur\u0105, nadanie szkole podstawowej imienia Bohater\u00f3w Bitwy nad Bzur\u0105, powstaniu Spo\u0142ecznego Komitetu Dla Upami\u0119tnienia Bitwy 26 Dywizji Piechoty w 1939r, polowa Msza \u015bw. w 70. Rocznic\u0119 Bitwy nad Bzur\u0105 na dawnym polu bitwy 26 DP w Nowym D\u0119bsku oraz o corocznych uroczysto\u015bciach upami\u0119tniaj\u0105cych Bitw\u0119 nad Bzur\u0105 w Nowym D\u0119bsku i w Koz\u0142owie Szlacheckim.<\/span><\/p>\n<p class=\"MsoNormal\" style=\"text-align: justify;\">\n","protected":false},"excerpt":{"rendered":"<p>&nbsp; W czasie inauguracji roku szkolnego w Zespole Szk\u00f3\u0142 w Koz\u0142owie Szlacheckim w dniu 2 wrze\u015bnia 2013 roku . Odby\u0142o si\u0119 uroczyste przekazanie gabloty o tematyce Bitwy nad Bzur\u0105 Szkole Podstawowej im. Bohater\u00f3w Bitwy nad Bzur\u0105 w Koz\u0142owie Szlacheckim przez Spo\u0142eczny Komitet dla Upami\u0119tnienia Bitwy 26 Dywizji Piechoty w 1939r.Wymiary gabloty 1,5m na 1,0 m. [&hellip;]<\/p>\n","protected":false},"author":2,"featured_media":0,"parent":4,"menu_order":0,"comment_status":"closed","ping_status":"open","template":"","meta":{"footnotes":""},"class_list":["post-927","page","type-page","status-publish","hentry"],"_links":{"self":[{"href":"https:\/\/www.bitwanadbzura.pl\/index.php?rest_route=\/wp\/v2\/pages\/927","targetHints":{"allow":["GET"]}}],"collection":[{"href":"https:\/\/www.bitwanadbzura.pl\/index.php?rest_route=\/wp\/v2\/pages"}],"about":[{"href":"https:\/\/www.bitwanadbzura.pl\/index.php?rest_route=\/wp\/v2\/types\/page"}],"author":[{"embeddable":true,"href":"https:\/\/www.bitwanadbzura.pl\/index.php?rest_route=\/wp\/v2\/users\/2"}],"replies":[{"embeddable":true,"href":"https:\/\/www.bitwanadbzura.pl\/index.php?rest_route=%2Fwp%2Fv2%2Fcomments&post=927"}],"version-history":[{"count":10,"href":"https:\/\/www.bitwanadbzura.pl\/index.php?rest_route=\/wp\/v2\/pages\/927\/revisions"}],"predecessor-version":[{"id":929,"href":"https:\/\/www.bitwanadbzura.pl\/index.php?rest_route=\/wp\/v2\/pages\/927\/revisions\/929"}],"up":[{"embeddable":true,"href":"https:\/\/www.bitwanadbzura.pl\/index.php?rest_route=\/wp\/v2\/pages\/4"}],"wp:attachment":[{"href":"https:\/\/www.bitwanadbzura.pl\/index.php?rest_route=%2Fwp%2Fv2%2Fmedia&parent=927"}],"curies":[{"name":"wp","href":"https:\/\/api.w.org\/{rel}","templated":true}]}}